common factor of 629 and 38850.
37
Calculate the greatest common divisor of 25130 and 280.
70
Calculate the greatest common divisor of 323 and 225131.
323
What is the highest common divisor of 877087 and 487?
487
Calculate the greatest common divisor of 1204 and 2924.
172
What is the highest common divisor of 28 and 3062?
2
What is the highest common divisor of 1886122 and 796?
398
Calculate the highest common divisor of 46 and 5510271.
23
Calculate the highest common divisor of 1185 and 77736.
237
Calculate the highest common divisor of 567680 and 10880.
640
What is the highest common factor of 117552 and 96?
48
Calculate the highest common factor of 12104 and 267.
89
What is the highest common factor of 462 and 3402?
42
Calculate the greatest common divisor of 27 and 20088.
27
What is the highest common factor of 9146 and 5202?
34
Calculate the greatest common factor of 27999 and 42639.
183
Calculate the highest common factor of 200085 and 6.
3
Calculate the greatest common divisor of 381348 and 2673.
891
What is the greatest common divisor of 450 and 3951?
9
Calculate the highest common divisor of 2985 and 690.
15
Calculate the highest common factor of 1290536 and 1196.
52
Calculate the highest common factor of 36619 and 4554.
11
What is the highest common divisor of 4069 and 65?
13
What is the greatest common factor of 41034 and 210?
42
What is the highest common divisor of 38 and 397727?
19
What is the highest common divisor of 134 and 17462344?
134
What is the greatest common factor of 1782708 and 1908?
636
Calculate the highest common factor of 1352406 and 6610.
1322
What is the highest common divisor of 1343 and 23324?
17
What is the highest common divisor of 3712 and 725?
29
Calculate the highest common factor of 1718222 and 176.
22
What is the highest common divisor of 1149744 and 459?
51
Calculate the greatest common factor of 5628602 and 14.
14
Calculate the greatest common factor of 38728 and 7828.
412
Calculate the greatest common divisor of 118 and 3599.
59
Calculate the greatest common divisor of 13914 and 90.
18
Calculate the greatest common divisor of 68376 and 3.
3
Calculate the greatest common divisor of 33007 and 26.
13
Calculate the greatest common divisor of 1004 and 893309.
251
Calculate the highest common divisor of 143 and 25080.
11
Calculate the highest common factor of 960 and 46245.
15
What is the highest common factor of 514 and 1006155?
257
What is the highest common divisor of 287 and 1823311?
287
What is the highest common divisor of 1260 and 27909?
63
What is the highest common divisor of 96 and 4668504?
24
Calculate the greatest common factor of 31860 and 28620.
540
Calculate the greatest common factor of 9 and 33393.
3
Calculate the highest common divisor of 33293 and 197.
197
Calculate the highest common factor of 5544 and 13608.
504
Calculate the highest common divisor of 1134 and 20223.
189
What is the greatest common factor of 399 and 1726473?
399
Calculate the highest common divisor of 692 and 9980.
4
What is the greatest common factor of 231546 and 1036?
518
What is the greatest common divisor of 44 and 2372?
4
Calculate the greatest common factor of 3813 and 75.
3
Calculate the highest common factor of 12 and 10596.
12
Calculate the highest common divisor of 459 and 40239.
153
Calculate the greatest common divisor of 1035 and 4075830.
1035
Calculate the highest common factor of 462024 and 9.
9
What is the highest common factor of 1629981 and 2745?
549
What is the highest common factor of 1147 and 15503?
37
What is the highest common factor of 13 and 1001468?
13
What is the greatest common factor of 1687 and 112?
7
What is the greatest common divisor of 4032 and 8784?
144
Calculate the highest common factor of 33726 and 1848.
462
What is the highest common factor of 79944 and 12?
12
What is the greatest common factor of 556 and 1174828?
556
Calculate the greatest common divisor of 2418 and 57408.
78
What is the highest common factor of 1254 and 174534?
114
What is the highest common divisor of 67641 and 231?
21
Calculate the greatest common divisor of 217279 and 14663.
1333
What is the greatest common divisor of 2654 and 8544553?
1327
What is the greatest common divisor of 2961 and 4221?
63
Calculate the highest common divisor of 27426 and 12768.
42
What is the greatest common divisor of 235632 and 48?
48
What is the greatest common factor of 833 and 1589?
7
What is the highest common divisor of 9344 and 944?
16
What is the greatest common factor of 441770 and 28?
14
What is the greatest common divisor of 15387 and 552?
69
Calculate the greatest common factor of 158676 and 196.
28
Calculate the greatest common factor of 16 and 1334416.
16
What is the greatest common divisor of 194266 and 8768?
274
Calculate the highest common factor of 4644 and 24.
12
Calculate the highest common factor of 19395 and 45.
45
What is the greatest common factor of 33912 and 5184?
216
What is the highest common divisor of 381 and 4210050?
381
Calculate the highest common factor of 21409 and 632.
79
What is the greatest common divisor of 562 and 575488?
562
Calculate the highest common factor of 12105 and 900.
45
Calculate the greatest common divisor of 1050 and 7602.
42
Calculate the greatest common divisor of 32092 and 10961.
113
What is the highest common divisor of 389386 and 19?
19
What is the highest common factor of 336 and 52656?
48
Calculate the highest common divisor of 26367 and 52547.
187
What is the highest common divisor of 8712 and 3203838?
2178
What is the greatest common factor of 36736 and 5824?
448
Calculate the highest common factor of 11 and 524887.
11
What is the greatest common factor of 3611 and 314?
157
Calculate the highest common divisor of 636 and 9485304.
636
Calculate the highest common factor of 105 and 47845.
35
Calculate the greatest common factor of 20862 and 6222.
366
What is the greatest common divisor of 39963 and 133?
7
What is the highest common divisor of 92 and 2062410?
46
Calculate the greatest common divisor of 16074 and 987.
141
What is the highest common divisor of 62608 and 392?
56
What is the greatest common divisor of 277180 and 20?
20
What is the highest common divisor of 3952 and 14768?
208
What is the highest common divisor of 135 and 24704730?
135
Calculate the highest common factor of 276424 and 32.
8
Calculate the greatest common factor of 992 and 2592.
32
Calculate the greatest common divisor of 715 and 82485.
65
What is the highest common factor of 40391 and 169?
169
Calculate the highest common divisor of 15 and 24995.
5
Calculate the greatest common divisor of 1260 and 402318.
126
Calculate the greatest common factor of 135070 and 172474.
2078
Calculate the highest common divisor of 57 and 246753.
57
Calculate the highest common factor of 2808 and 28184.
104
What is the greatest common divisor of 165 and 6050715?
165
Calculate the greatest common divisor of 2726 and 4794.
94
Calculate the greatest common divisor of 9911 and 64328.
187
Calculate the greatest common factor of 1 and 40529.
1
Calculate the greatest common divisor of 790 and 870.
10
What is the greatest common factor of 720664 and 280?
56
Calculate the greatest common divisor of 3296 and 2173712.
1648
Calculate the highest common divisor of 981 and 3033.
9
What is the highest common divisor of 1498 and 98?
14
What is the greatest common factor of 175 and 50725?
25
What is the highest common divisor of 7 and 5315534?
7
What is the highest common divisor of 1164 and 203506?
194
What is the greatest common factor of 28213 and 178?
89
Calculate the greatest common divisor of 7992 and 1902.
6
What is the greatest common divisor of 648 and 7209?
81
What is the highest common factor of 161 and 210427?
161
Calculate the highest common divisor of 51 and 79067.
17
Calculate the greatest common factor of 126991 and 58.
29
Calculate the highest common divisor of 22 and 12326.
2
What is the highest common factor of 5328 and 126?
18
What is the greatest common factor of 691375 and 500?
125
What is the greatest common divisor of 12 and 172848?
12
What is the greatest common factor of 2279214 and 1008?
126
What is the greatest common divisor of 38 and 59299?
19
What is the greatest common divisor of 38148 and 264?
13